inder when v is divided by 19?
17
Suppose -13*u = -94 - 504. Suppose 20*y = u*y - 9958. Calculate the remainder when y is divided by 55.
53
Suppose 3*y = 3*k - 27, 4*k + k - 41 = 3*y. Let l(z) = 2*z**2 + 32*z + 39. Suppose -48*v + 32 = -50*v. Calculate the remainder when l(v) is divided by k.
4
Let j = -53 - -47. Let k(c) = 4*c**2 - 26*c - 135. What is the remainder when k(j) is divided by 24?
21
Let h be ((-36)/(-8))/((-12)/(-184)). Suppose -5*a = -i - h, -2*a + 17*i - 20*i = -31. Calculate the remainder when 40 is divided by a.
12
Let b(d) = d**3 - 38*d**2 + 115*d - 270. Calculate the remainder when 468 is divided by b(35).
68
Suppose -118*i + 43*i = -3765 - 1860. Calculate the remainder when 10124 is divided by i.
74
Suppose 14 = -2*r + 58. Suppose t - 41 = 20. Calculate the remainder when t is divided by r.
17
Suppose 4*p = -6*y + 4*y - 12, -16 = y + 4*p. Suppose -3*r + y = -7*r, -3*h - 4*r + 77 = 0. Calculate the remainder when 182 is divided by h.
20
Suppose 5*i - 30 = -0*i. Let m(n) = -n**3 + 12*n**2 - 2*n - 10. Let c be m(i). Suppose -4*o + 18 + c = 0. What is the remainder when o is divided by 8?
5
Let v be (-1)/(-3) - (10913/(-21) + -15). Let h = 728 - v. Calculate the remainder when h is divided by 11.
6
What is the remainder when 1509 is divided by -5 + -1 + 4 + -30*(-2)/3?
15
Let n = -278 - -165. Let t = -38 - n. Suppose -206*j = 38495 - 39937. Calculate the remainder when t is divided by j.
5
Suppose i = 0, -3*k + 5*i + 6 = -2*k. Calculate the remainder when 20/(k/54*6) is divided by 22.
8
Let v(u) = -u**3 + 6*u**2 + 3*u - 8. Suppose -13*b + 397 = -110. What is the remainder when b is divided by v(6)?
9
Suppose -16 = -y + 3. Let x = y + -7. What is the remainder when -48 + 44 - (-63)/1 is divided by x?
11
Let i(s) = s**2 - 4*s + 3. Let t = -87 - -94. Let c be i(t). Suppose -5*r + 146 = -c. What is the remainder when 166 is divided by r?
30
Let v = 11826 - -15762. What is the remainder when v is divided by 310?
308
Let r(b) = b - 2. Let n be r(3). Suppose 9 = w + n. Suppose 0 = -616*k + 1220*k - 611*k + 105. Calculate the remainder when k is divided by w.
7
Suppose -54 = -4*a - h + 2, 5*a - h - 61 = 0. Let u = 59 + 196. Calculate the remainder when 18*u/18*2/5 is divided by a.
11
Suppose 404*t + 234 = 401*t. Suppose 4*u + 524 = 4*c, 3*u - 131 - 121 = -2*c. Let d = c + t. Calculate the remainder when 101 is divided by d.
50
Let j(d) = -15*d**2 - 15*d + 15. Let g be j(-4). Let w = 246 + g. What is the remainder when w is divided by 28?
25
Suppose -4328 - 5495 = -57*w - 1330. What is the remainder when 15046 is divided by w?
146
Let o(q) = 4*q**2 + q. Let m be o(-1). Suppose -m*s + 64 = -s. What is the remainder when s is divided by 2852/220 - 1 - 772/(-21230)?
8
Suppose -576 = 306*n + 296*n - 618*n. Calculate the remainder when 105 is divided by n.
33
Let c(l) = -2*l**2 - 70*l - 457. What is the remainder when 158 is divided by c(-26)?
4
Suppose 0 = b - 2. Suppose 0 = -3*v + 3*l + 33, 10*v - 8*l - 240 = -11*l. What is the remainder when v is divided by b?
1
Let a = 120 - 59. Suppose 5*p + 0*k - 5*k = 250, 4*k = -3*p + 122. Suppose -4*q - 17 = -s - 3*q, -2*s = q - p. What is the remainder when a is divided by s?
19
Let g = 788 + -633. What is the remainder when 194 is divided by g?
39
Suppose 10*r = 3*r + 49. Suppose r*q = 40*q - 231. What is the remainder when q is divided by 4?
3
Let y(f) = -3*f**2 - 3*f + 2. Let n(w) = -2*w**2 - 2*w. Let t(a) = 7*n(a) - 6*y(a). Calculate the remainder when 1222 is divided by t(4).
66
What is the remainder when 1192 is divided by 11841/30 - 66/(-220)?
7
Let k be (-4)/(-9) - 8/18. Suppose -151 = -x + 3*d, 621 = 4*x + 5*d - k*d. Calculate the remainder when x is divided by 39.
37
Let z be -3 + (-1 - (4 - 3)) + 5. Suppose y - 514 = -2*n, -1010 = -2*y - z*n + 2*n. Calculate the remainder when y is divided by 17.
15
Let q = -118 + 128. Suppose 0 = -q*r + 1902 - 442. What is the remainder when r is divided by 49?
48
Suppose 2*n + 4*h = 22, 3*n - 40 = h - 28. What is the remainder when 2045 is divided by n?
0
Let p(j) = -j**3 - 3*j**2 + 5*j + 1. Let y = 366 - 357. What is the remainder when p(-6) is divided by y?
7
Let k(z) = 7*z + 61. Let b(h) = 1. Let y(l) = 4*b(l) - k(l). Suppose 4*v = 5*v - 71. Calculate the remainder when v is divided by y(-11).
11
Suppose -30*t + 5012 + 6035 + 1583 = 0. Calculate the remainder when t is divided by 43.
34
Suppose 0 = -3*w - 6*w - 54. What is the remainder when 10 - (15 - 8) - -44 is divided by 1/((-9)/w)*36?
23
Let r(x) = -2*x**3 - 21*x**2 - 5*x + 17. Calculate the remainder when r(-16) is divided by 12.
9
Let u(i) = -i**3 - 6*i**2 + 10*i + 9. Let l be u(-7). Suppose 0 = 176*k - 185*k. Let o = k - l. What is the remainder when 46 is divided by o?
10
Let d = -1830 + 1890. Calculate the remainder when 223 is divided by d.
43
Suppose -2*b - 2*q = -32, 1534*q - 136 = -3*b + 1539*q. Let c = 16 + -9. What is the remainder when b is divided by c?
6
Let m(r) = 10*r**2 + 40*r + 92. Calculate the remainder when m(-8) is divided by 106.
94
Let o(x) = 6*x + 42. Let y be o(6). Suppose 1540 = -67*k + y*k. What is the remainder when k is divided by 48?
44
Let n(f) = f**3 - 6*f**2 + 6*f - 1. Let w be n(5). Suppose -39 = -o + 2*t, 5 = -w*o + 2*t + 137. What is the remainder when o is divided by 11?
9
Let s be (-1552)/12*3 + -6. Let c = s - -442. Calculate the remainder when c is divided by 14.
6
Suppose -9*u + 33652 = -13004. Suppose 12*y - u = -20*y. Calculate the remainder when y is divided by 21.
15
Suppose -9*q - 12*q = 37 - 688. Let k = -133 + 254. Calculate the remainder when k is divided by q.
28
Let p = 34 - -21. Let l = 54350 - 54334. Calculate the remainder when p is divided by l.
7
Let k = -464 - -471. Suppose 4*b - 280 = -4*h, -6*h = -3*b - k*h + 220. Calculate the remainder when b is divided by 19.
18
What is the remainder when (((-380)/57)/(-10))/((-4)/(-5172)) is divided by 173?
170
Suppose 6*f + 379 = 637. What is the remainder when 472 is divided by f?
42
What is the remainder when 6211 is divided by (1233/1644)/((-11)/16 + (-9)/(-12))?
7
Let j(v) = 124*v + 3502. What is the remainder when 7855 is divided by j(-28)?
25
Let p be (3/(-2))/(1947/(-242) - -8). Suppose 0 = -3*l + 6*l - p. Calculate the remainder when 922 is divided by l.
9
Let u(l) = -l + 1. Let s be u(-3). Suppose s*h + 9*h = 65. Suppose -3*g - 16 = -z, 118 = 5*z - 0*z + 4*g. Calculate the remainder when z is divided by h.
2
Suppose 4*r + 12 = 0, -r - 645 = -4*b - 130. What is the remainder when 1533 is divided by b?
125
What is the remainder when (-71188)/(-52) + (-80)/4 is divided by 68?
57
Let u(b) = b**3 + 6*b**2 - 16*b + 20. Let s = -1756 + 2673. What is the remainder when s is divided by u(-8)?
17
Suppose 0*v - 5*v = -60. Suppose c + 105 = 6*c. Suppose 0 = c*q - 24*q + 279. Calculate the remainder when q is divided by v.
9
Calculate the remainder when 218 is divided by ((-140)/(-50))/(0 - (-4)/40).
22
Suppose 6*v - 75 = 87. What is the remainder when 118 is divided by 453/12 + (v/(-12))/(-9)?
4
Let c(r) = r**3 - 28*r**2 + 25*r - 202. What is the remainder when c(28) is divided by 125?
123
Let g = -11098 - -11141. Calculate the remainder when 232 is divided by g.
17
Let s = -385 - -430. Suppose 68*t - 69*t = -134. What is the remainder when t is divided by s?
44
Let m = -304 - -162. Calculate the remainder when m/(35/10 - 4) is divided by 19.
18
Suppose 103*i = 104*i - 2*n - 6261, -3*i - 4*n = -18833. Calculate the remainder when i is divided by 9.
7
Let w = 34417 - 33772. What is the remainder when w is divided by 95?
75
Suppose 20*m + 25*m = 16*m + 7047. Calculate the remainder when m is divided by 31.
26
Suppose x + 3*p = 10, -x + 2*p + 6 = 3*p. Suppose -x*d - 10*l + 74 = -5*l, l + 107 = 5*d. What is the remainder when 692 is divided by d?
20
Suppose -5*u = -3*c + 152 - 7, 2*c - 92 = u. Calculate the remainder when 628 is divided by c.
43
Suppose 5*l - 278 + 303 = 0, -5*l + 13 = 2*k. What is the remainder when 352 is divided by k?
10
Calculate the remainder when 588 is divided by ((-25)/10*79/10)/((-288)/2304).
114
Let u(n) = -n + 158. Calculate the remainder when 5448 is divided by u(64).
90
Let k(o) = -32 - 10*o + 41*o - 2*o. Let n be k(4). Suppose -5 + 2 = -l - 4*x, -3*l = -3*x - n. Calcu